 l a composite number?
True
Let r(x) = 4*x**2 + 9897. Is r(0) a composite number?
True
Let c = 3072 + -1711. Is c composite?
False
Let r = 96 + -183. Let i = r + 149. Suppose -i = -2*m + 116. Is m prime?
True
Let y be (5*1)/(-1 - -2). Let p(a) = 0 - 13*a**2 - 6 + a**3 + 2 - 6 + y*a. Is p(13) a prime number?
False
Let g = -10236 + 16043. Is g composite?
False
Let w be ((-52)/5)/((-24)/60). Let d = 36 - w. Suppose d*z = 5*z + 575. Is z prime?
False
Suppose -4*h + 35 = h. Let u(a) = 8*a**2 + 7*a + 2. Is u(h) composite?
False
Suppose h - 16 = 4*j - 2, -h - 4*j + 22 = 0. Let v be 20/90 + 6260/h. Suppose 2*p - 262 = v. Is p prime?
False
Let o be -2 + (0/4 - -1) + 2. Is (-1212 + -1)*(-2 + o) prime?
True
Suppose -5*x + 63038 = 2*f, f + 9773 = 4*x - 40647. Suppose -c - 16801 = -4*r, -4*r + r - c + x = 0. Is r a composite number?
False
Let t(y) = -y**3 - 6*y**2 + 7*y - 8. Let f be t(-8). Let n = 568 - 291. Let u = n - f. Is u composite?
True
Is (121405/3)/(20/12) a prime number?
True
Let w = 15 + -15. Suppose w*i + 422 = 2*i. Is i a composite number?
False
Let d(o) = 24*o**2 - 140*o - 61. Is d(-25) composite?
False
Let d(k) = 2*k**3 - 12*k**2 + 27*k + 17. Is d(10) composite?
False
Let y = -609 + -557. Let s = 116 - y. Is s composite?
True
Let w be ((-124)/(-8))/((-3)/(-12)). Suppose y = 3*y - w. Is y a composite number?
False
Let g be (-4 + 2 + 1)*0. Suppose y + y - 8 = g. Suppose y*p + p - 1175 = 0. Is p composite?
True
Let l = 4782 - 1266. Suppose -l = -2*k - 2*k. Suppose -515 - k = -2*s. Is s a composite number?
True
Suppose 3*c - 4*c = -5. Suppose c*r - 879 = 716. Is r composite?
True
Let x(o) be the first derivative of -83*o**2 + 45*o - 24. Is x(-4) a prime number?
True
Let r(c) = -722*c - 1. Let u be r(-2). Suppose 2*y - 4*o + 453 = u, -2510 = -5*y + 3*o. Is y prime?
False
Let f(q) be the second derivative of 4*q**4 - 7*q**3/6 - 26*q**2 + 5*q + 3. Is f(13) a composite number?
True
Suppose 5*z - 20987 = 77208. Is z composite?
True
Is (-118697)/(-7) - (-8 + 648/84) a prime number?
False
Let t(j) = -2*j - 30. Let n be t(-17). Suppose n*x + 209 = -2*k + 553, -3*x = -5*k - 245. Is x composite?
True
Let d(h) be the third derivative of 7*h**4/24 - 7*h**3/6 - 8*h**2. Let p be d(3). Is p/(-14) + (-1 - -85) prime?
True
Let h = -63 + 64. Is (h/(-3)*-991)/(5/45) a prime number?
False
Suppose 2*d - 2*a - 2784 = 0, 2*d + 36*a = 33*a + 2809. Is d a composite number?
True
Let b(x) = 34*x - 39. Let c(t) = 4*t**2 + 14*t + 5. Let h be c(-4). Is b(h) prime?
False
Let p = 1 + 1. Let z(t) = 2 - p*t + 4*t + 4*t**2 - 5. Is z(3) composite?
True
Let i be (-13828)/(-8) + (1/(-2))/(-1). Suppose -3*p + 10*p = i. Is p a prime number?
False
Let k(d) = -d**2 + 4*d + 1. Let v be k(3). Suppose 0 = 2*q + 5*a + 15, -a = v*a + 15. Suppose 5*y = 5 + 15, q = -f + 3*y + 55. Is f composite?
False
Let w(f) = 1015*f - 1. Suppose 4*o + 20 = 4*s + 7*o, 0 = -2*s - 3*o + 16. Is w(s) a composite number?
False
Suppose 2*s - 4*i = -410, i + 480 - 65 = -2*s. Let r = -347 - s. Let n = -61 - r. Is n a prime number?
True
Let h(l) = 11*l**2 - 27*l + 35. Is h(-38) prime?
False
Let u = -551 - -20266. Is u prime?
False
Let n(k) = -27*k + 11. Let t(l) = 54*l - 22. Let g(c) = 5*n(c) + 2*t(c). Let p be ((-12)/(-5))/((-44)/20 - -2). Is g(p) prime?
False
Suppose 2*f + 2*g = 3*g + 3481, 3*g + 5226 = 3*f. Let k = f + 80. Is k composite?
True
Suppose -5*t - 13 = -8, -4*t - 2604 = y. Suppose 5*h = j + 6, -1 + 0 = -3*j - 4*h. Is y/(-39) - j/3 a prime number?
True
Let p(x) = -1. Let j(w) = 41*w. Let n(k) = -j(k) - 6*p(k). Let g(l) = l**3 - 14*l**2 + 14*l - 18. Let f be g(13). Is n(f) a composite number?
False
Suppose -3*q - 39694 + 7932 = -5*a, -a - 3*q + 6356 = 0. Is a a prime number?
True
Suppose -2*l - 4*w = -4178, 7*l - 2*l + 5*w = 10465. Suppose l = 4*g - 779. Is g a composite number?
False
Suppose 0 = 3*o + v - 13, o - 9 = 3*v - 8*v. Suppose -k - o*k + 395 = 0. Is k a prime number?
True
Let n = 18191 + -3672. Is n prime?
True
Let k be (12/10)/(((-12)/(-90))/1). Suppose -k*j = -8*j - 127. Is j a prime number?
True
Let m(a) = -a**3 - 4*a**2 + 0 + 0*a**3 - 3 - 4*a + 0*a**3. Let n be m(-3). Suppose -2*b - 413 + 1455 = n. Is b prime?
True
Let r(c) = c**2 + 3*c + 6. Let i be r(-4). Is 141/(-2)*(2 - i) + 2 a composite number?
True
Is 34/476 + 1620722/28 composite?
True
Suppose -2*p = -4*i - 5814, 8*p - 3*p - 14465 = -4*i. Is p composite?
False
Suppose -2*f - 3143 = 4*x - 10091, -4*x + 6924 = -4*f. Is x a composite number?
True
Suppose 2*g = -4*f + 2662 + 2352, 3*f + g - 3758 = 0. Let h = -828 + f. Suppose -v - y + h = 0, -2*y + 0 + 8 = 0. Is v composite?
False
Let l(j) = 119*j**2 - 160*j + 3. Is l(4) a prime number?
False
Suppose 0 = -r + 4 - 0. Let p(y) = -86*y + 180. Let k be p(-8). Is 1/(r/k)*1 a composite number?
True
Suppose 2*v - 36 - 42 = 0. Suppose 0 = -z + 3*x + v, -x = -5*z - 2*x + 163. Is z a composite number?
True
Let u(d) = d**2 - 1. Let k(l) = -9*l**2 + l - 18. Let m(b) = -k(b) + u(b). Let h(f) = -f**2 - f. Let z(y) = 4*h(y) + m(y). Is z(12) a prime number?
True
Let x = -1792 - -4151. Is x prime?
False
Let q be ((-1)/(-2))/(2/(-24)). Let p be 20/(-16)*106*q. Suppose 0*z + p = 3*z. Is z composite?
True
Is (8/(80/(-55)))/((-3)/1182) composite?
True
Let b(m) = 11*m**3 + m**2 - 4*m - 3. Let o = -12 + 16. Is b(o) a prime number?
True
Suppose -1585062 = 31*i - 85*i. Is i a prime number?
False
Let h(l) = -5971*l + 795. Is h(-8) a prime number?
True
Suppose 104*s - 110553 = 99*s + 4*z, 2*z = -4*s + 88432. Is s prime?
True
Let x = -356 + 805. Is x a prime number?
True
Suppose -74 = f - 1. Let x = f - -155. Let p = x - 45. Is p a composite number?
False
Let p be -7*(-2 + -11 + 2). Let g = 128 - p. Is g a prime number?
False
Let j(u) = -3*u**3 + u**2 - 7. Let z(h) = h**3 - h**2 - h - 1. Let b(f) = -j(f) - z(f). Is b(7) composite?
False
Suppose 0*q + 7 = 5*v - q, 2 = -5*v + 4*q. Suppose -v*g = 4 - 8. Is (1/g)/(10/1780) a composite number?
False
Let k(i) = 6*i + 9. Let z be k(-6). Let s(g) = g**2 + 5*g. Let d be s(-6). Is d/z - 1005/(-27) a prime number?
True
Let t = 11 - 8. Suppose v + 2331 = d, t*d + v = -0*d + 7001. Is d prime?
True
Suppose -678 = 247*z - 253*z. Is z prime?
True
Suppose -10708 + 4465 = -3*j. Is j composite?
False
Suppose -5*i - 3*o + 288721 - 82767 = 0, -4*o = 4*i - 164768. Is i composite?
False
Let r(q) be the second derivative of q**5/20 - 5*q**4/12 - q**3/2 + 5*q**2/2 - q. Is r(7) a composite number?
True
Let u = -2016 - -3395. Is u a composite number?
True
Let i(k) = -k**3 - 6*k**2 - 4*k - 4. Let r = -7 - -3. Let t be i(r). Let w = t - -43. Is w composite?
False
Let n be (2 - (-62)/(-5)) + (-2)/(-5). Let y = 123 + n. Is y composite?
False
Let o = -6917 + 3176. Let y = -2221 - o. Suppose -5*v + 5*q = -1530, -5*v + 0*q = -3*q - y. Is v prime?
False
Suppose -54 - 40 = -2*x. Let g = 268 - x. Is g a prime number?
False
Suppose 4*g + j = 1632, -3*g = -j - 837 - 380. Is g prime?
False
Is (522 + (-1 - 0))/(11/143) prime?
False
Let c(n) = 19*n**2 - 37*n - 11. Let w(x) = -10*x**2 + 18*x + 5. Let f(t) = 6*c(t) + 11*w(t). Is f(14) a prime number?
False
Let r(u) = -51*u**3 - u**2 + 18*u - 41. Is r(-6) prime?
True
Let o(n) = -3*n**3 + 3*n**2 - n + 2. Let t be o(-4). Suppose -r + t - 79 = 0. Is r prime?
True
Is 3*(124078/24 + 34/(-136)) composite?
True
Is (-1 - -904)*19/57 a prime number?
False
Let x be (3/2)/(2/8). Let l be (3/x*274)/1. Let t = l + 78. Is t composite?
True
Let l(p) be the second derivative of -p**3/6 - 5*p**2/2 - 2*p. Let d be l(-5). Suppose 2*f - 2 + 0 = d, -4*o + 3147 = -f. Is o a prime number?
True
Let p(c) = -65*c + 22. Let x be p(-9). Suppose 1352 = b - x. Is b a composite number?
True
Let h be 5745/35 + (-2)/14. Let k = -56 + h. Is 0 + k + (-10 - -13) prime?
False
Is 17520 - (5 - 82)/(-11) a prime number?
False
Is 30/24 - 8483/(-4) - -1 prime?
False
Let q(p) = 3*p + 16. Let z be q(-4). Is (z/(-2))/(2/(-586)) a prime number?
False
Let t = -26799 - -52634. Is t prime?
False
Let l(v) = 2 + 18*v - 15*v - 148*v**3 - 8*v**3. Let n(p) = p**3 - 3*p**2 - 3*p - 5. Let r be n(4). Is l(r) a composite number?
True
Let l be 4/3*(-114)/(-4). Suppose -2*c = -5*t + l, 3*c = -2*t + c + 18. Suppose -2*n = -t - 4. Is n a composite number?
True
Let i(h) = -9*h - 11. Is i(-10) a prime number?
True
L